{"id":39,"date":"2024-09-18T19:40:34","date_gmt":"2024-09-18T22:40:34","guid":{"rendered":"https:\/\/www.escolasdeveladobrasil.com.br\/?page_id=39"},"modified":"2024-09-19T21:12:27","modified_gmt":"2024-09-20T00:12:27","slug":"missao","status":"publish","type":"page","link":"https:\/\/www.escolasdeveladobrasil.com.br\/?page_id=39","title":{"rendered":"Miss\u00e3o"},"content":{"rendered":"\n<p>Congregar e fortalecer as escolas de vela no Brasil, promovendo padr\u00f5es de excel\u00eancia no ensino da vela, incentivando a pr\u00e1tica segura e sustent\u00e1vel da navega\u00e7\u00e3o e formando marinheiros com consci\u00eancia ambiental e amor ao mar.<\/p>\n\n\n\n<p>Promover o ensino da vela de maneira acess\u00edvel, segura e de alta qualidade, congregando as escolas de vela brasileiras para o desenvolvimento t\u00e9cnico e profissional do esporte.<\/p>\n\n\n\n<p>Proporcionar uma forma\u00e7\u00e3o s\u00f3lida para velejadores de todos os n\u00edveis, integrando conhecimento pr\u00e1tico, respeito ao meio ambiente e uma cultura de coopera\u00e7\u00e3o entre os instrutores, alunos e entidades do setor.<\/p>\n","protected":false},"excerpt":{"rendered":"<p>Congregar e fortalecer as escolas de vela no Brasil, promovendo padr\u00f5es de excel\u00eancia no ensino da vela, incentivando a pr\u00e1tica segura e sustent\u00e1vel da navega\u00e7\u00e3o e formando marinheiros com consci\u00eancia ambiental e amor ao mar. Promover o ensino da vela de maneira acess\u00edvel, segura e de alta qualidade, congregando as escolas de vela brasileiras para o desenvolvimento t\u00e9cnico e profissional &hellip; <\/p>\n","protected":false},"author":1,"featured_media":0,"parent":0,"menu_order":0,"comment_status":"closed","ping_status":"closed","template":"","meta":{"footnotes":""},"class_list":["post-39","page","type-page","status-publish","hentry"],"_links":{"self":[{"href":"https:\/\/www.escolasdeveladobrasil.com.br\/index.php?rest_route=\/wp\/v2\/pages\/39","targetHints":{"allow":["GET"]}}],"collection":[{"href":"https:\/\/www.escolasdeveladobrasil.com.br\/index.php?rest_route=\/wp\/v2\/pages"}],"about":[{"href":"https:\/\/www.escolasdeveladobrasil.com.br\/index.php?rest_route=\/wp\/v2\/types\/page"}],"author":[{"embeddable":true,"href":"https:\/\/www.escolasdeveladobrasil.com.br\/index.php?rest_route=\/wp\/v2\/users\/1"}],"replies":[{"embeddable":true,"href":"https:\/\/www.escolasdeveladobrasil.com.br\/index.php?rest_route=%2Fwp%2Fv2%2Fcomments&post=39"}],"version-history":[{"count":2,"href":"https:\/\/www.escolasdeveladobrasil.com.br\/index.php?rest_route=\/wp\/v2\/pages\/39\/revisions"}],"predecessor-version":[{"id":152,"href":"https:\/\/www.escolasdeveladobrasil.com.br\/index.php?rest_route=\/wp\/v2\/pages\/39\/revisions\/152"}],"wp:attachment":[{"href":"https:\/\/www.escolasdeveladobrasil.com.br\/index.php?rest_route=%2Fwp%2Fv2%2Fmedia&parent=39"}],"curies":[{"name":"wp","href":"https:\/\/api.w.org\/{rel}","templated":true}]}}